)))
8
What is -13 - (0 + 65 + -26 + (-3 - 2))?
-47
Calculate 7 + (9 - (-4 + 71)).
-51
What is the value of -56 - (22 + (27 - 80))?
-25
What is -45 - -2 - (54 + 41 + -106)?
-32
(372 + -406 - (19 + 1)) + 1 + 1
-52
-21 + (47 - (13 - 15)) + -2
26
-7 + ((8 - -1) + -4 + -5 - 7 - -12)
-2
Evaluate 1 - (49 + -27 - -32).
-53
Calculate (9 - 3) + (9 - 68 - -66).
13
Evaluate 46 - (-1 - 11) - (27 + -22 + 7).
46
What is the value of 3 + 0 + 14 - (-577 + 636)?
-42
-109 + 191 + -58 + -72 + 1
-47
What is the value of -122 + -55 + (8 - -145)?
-24
15 - (22 + -16 - -9) - -57
57
What is the value of (6 - 31 - -2) + (-469 - -425)?
-67
-32 + (-6 - (-1 + (2 - 9)) - -9 - 3)
-24
What is (-1 - (18 - (-7 - 2 - -17) - 28)) + -6?
11
(12 - -33) + -72 + 56
29
What is the value of 5 - ((32 - 33) + -1 + 5 + (-59 - -79))?
-18
-37 - (-21 + (-29 + 24 - -21) + 2 + -1)
-33
What is 2 - 3 - -38 - (-333 - -321)?
49
Evaluate (-13 - (18 - (12 + 14))) + 15.
10
What is the value of -3 + 2 + 67 + -4 + 3 + (13 - 5)?
73
What is the value of 61 - (14 - -27 - -17)?
3
Calculate 9 + (-9 - -15) + -25 + 3 + (92 - 1).
84
What is the value of (-180 - -27) + 127 - -172?
146
What is the value of (0 - (15 + -9)) + 18 + -3 - -8?
17
What is (27 - -72) + (-6 - 151)?
-58
What is the value of 32 + -1 - (-16 - 3 - (4 + -33))?
21
Evaluate -25 - (23 - 58) - ((2 - 2 - 6) + -5).
21
0 + (-2 - (11 - (9 - 0 - -83))) + 7
86
(-1 - -29) + (-110 - (45 + -120)) + (0 - -96)
89
-54 - (38 - (-110 + 75))
-127
What is the value of 12 + (21 + 3 - 1 - 65)?
-30
0 + -1 + 37 + -2717 + 2698
17
What is 3 + 2 + 74 + -75 + 53 + 1?
58
(-1775 - -1772) + (-1 - (1 + -19)) + -48
-34
1 + -2 + -16 - (-1331 + 1344)
-30
What is 22 + 77 + -50 + -1?
48
What is the value of -116 + (-2 + -4 - -7) - (-374 + 361)?
-102
Evaluate (-4 - (8 + -31)) + (96 - (45 + -15)).
85
Calculate 5922 + -5869 + -5 + 1.
49
What is -1 + -206 + (4783 - 4628)?
-52
What is the value of -14 - (72 + -26 + (28 - -6))?
-94
What is (45 - -1 - (-530 + 528)) + 3 + 2?
53
What is the value of 130 + -558 + 575 + (-38 - (5 + -4))?
108
(3 - (-71 - -13 - -21)) + -19
21
Calculate -38 + 47 + 4 + -9 + 1 + 5 + 3.
13
What is the value of 5 - (-28 - -42) - (-3 - 2) - -8?
4
What is the value of -17 + 7 - 1 - (39 - 60)?
10
Evaluate 47 + 24 + -143 + -8.
-80
What is the value of ((10 - 31) + 33 - 8) + 24?
28
13 + -27 + 72 + -82
-24
Calculate -3 + (5 - ((-9 - -10) + (0 - -3))) + -7.
-9
What is -20 + 21 + (-5 + 5 - 76) - (1 - 9)?
-67
-3 + -1 + -12 + -304 + 313 + -1 + 53
45
Calculate 19 + (10 + 1 + -13 - 5) + 33 + 4.
49
Calculate 10 + (51 - (13 - -14)) + (3 + -1 - -10).
46
Evaluate 313 - 328 - (-6 + 8 + -14).
-3
Evaluate -35 + (-4 - 4) - -21 - -6.
-16
54 + (4 - 2) + (-1 + -10 - -12)
57
(47 + 2 - 55) + -58
-64
Evaluate -202 - -225 - (-2 - -27) - 15.
-17
Calculate 48 - (22 - 6) - (-2 - 7).
41
Evaluate -6 + 6 + 5 + 1 - -15.
21
What is the value of 16535 - 16436 - (56 + 0)?
43
(-319 - -370) + -42 + -1
8
(7 + -2 - 1 - 18) + -140 + 138
-16
Evaluate (-134 - -24) + 5 + 60.
-45
What is the value of -51 - (26 + -87) - (1 + -1)?
10
Evaluate (-1 - 40) + (258 - 238) + 29.
8
Evaluate -212 - (-280 + 102) - (-1 - 14 - 1).
-18
Evaluate (-1 - -28) + (7 - 8) + (148 - (66 + 73)).
35
What is (4 - (12 + 0 + 5)) + 2 + 4?
-7
What is the value of 18 + 0 + -7 + 11 + 1?
23
Evaluate 149 + (0 - 134) + (-141 - (-3 - -3)).
-126
Evaluate 2 + -3 + -9 + 81 + -21 - -7.
57
What is (37 - 41) + -7 + 42?
31
What is the value of -7 - (28 - (28 + -47)) - -25?
-29
-24 + (47 - -32) + -31
24
What is -57 + (0 - (-25 - 36))?
4
-2 + 9 + 43 + 74 + -117
7
Evaluate 54 + -1 + 13 + (-35 - -14) + 1 - -4.
50
Calculate (33 - 3) + 47 + 52 + -97.
32
What is (-12 + 1 - 15) + 24?
-2
What is the value of -23 - (25 - 58) - (-86 - (-5 + 3 - -3))?
97
Calculate 4 - 5 - (2 - -18) - -24 - (-7 + -1).
11
What is the value of (88 + -27 + -25 - 6) + -102?
-72
Calculate (-13 - 8 - (-11 + 3)) + -4.
-17
Evaluate 41 - 0 - (32 - (1 - 31 - -49)).
28
-148 + 11 + -309 + 342
-104
1250 + -1232 - (4 + -20)
34
What is the value of -192 - (-37 + (-43 - 32))?
-80
Calculate -16 - (14 + (-92 - (18 - 20 - -5))).
65
Evaluate -60 + 66 + -45 + 48.
9
-1965 + 2053 - (-8 - -1)
95
8 - 4 - -23 - 27
0
(-111 - -96) + (8 - 2) + (-15 - -1)
-23
What is the value of 139 + -343 - -133 - (-12 + 0)?
-59
What is 95 - 189 - (11 + -3) - -15?
-87
Evaluate (-1 - 0) + -63 + 55 + -11.
-20
Evaluate (-37 - (-98 - -42)) + -9.
10
Evaluate (3 + -3 - (103 - 92)) + 3 + -2 - 36.
-46
Calculate 65 - (41 + 59 + -48 + -70).
83
Evaluate 0 - (16 + (-11 - -3) - 32).
24
-1 + -121 - (-532 + 489)
-79
0 + (-146 - -172 - (-1 + 29))
-2
Calculate -89 + (743 - 729) + -18 + -2 + 4 + -8.
-99
What is -7 - (-14 - -14) - (16 - -11)?
-34
What is -12 - ((-56 - -69) + -4 + -1 + -62)?
42
What is the value of 1 - -51 - ((29 - 56) + (-20 - -47))?
52
What is 6 + -1 + -2 - (1 - 3 - (2 - -61))?
68
What is the value of -11 - (8 - ((12 - 6) + -9 + 9 - -85))?
72
Evaluate (4 - (8 + 1)) + -28 + (5 - 18).
-46
Evaluate (1 + (1 - -22) - 33) + (-2 + 0 - 0).
-11
Calculate (-11 - (6 - -11 - (68 - 40))) + -40.
-40
Calculate 1198 + -1160 + -1 + -33.
4
What is 139 + -104 + (2 - 16)?
21
Calculate -85 - (5 + 11 - 60).
-41
What is the value of 1 + 26 - (-3 + 28 + -6 + (-2 - 9))?
19
-57 - ((-13 - 79) + 45)
-10
Calculate -50 - (-41 - -63) - -83.
11
What is the value of (-4 - (-1 + -21 - -11 - -5)) + -14 - 11?
-23
4 - (-29 + (-6 - -25)) - 20
-6
What is 75 - 3 - (268 - 243)?
47
Evaluate (19 - -4) + 109 + -144 + (5 - 0).
-7
What is the value of (0 - -16) + 1 + (17 - (-7 - -18)) - 1?
22
Calculate 35 - (-39 + 87 + 14).
-27
What is 15 - (131 - (47 - 14) - 7)?
-76
What is 7 - (-13 + 2 + -2 + (1288 - 1277))?
9
What is the value of 63 + (7 - -23 - 36) + (-1 - 14)?
42
What is the value of 14 + -5 + (-35 - (4 - (8 + -14 + 7)))?
-29
-6 + (-7 - (-20 - -24 - (2 - -10)))
-5
Evaluate (20 - 5) + (-16 - -9 - -9) + -1.
16
-40 - (-59 + 259 + -127)
-113
What is the value of (-40 - (-11 - (4 + 13))) + (-32 - -1)?
-43
Evaluate (-6 - 57 - -71) + -8 + -23.
-23
What is the value of (1235 - 1226) + 3 + -111?
-99
What is -36 - (-57 - (-25 - 18 - -24))?
2
Calculate 19 - 46 - -20 - (-2 + -13) - (12 + 0).
-4
Evaluate (-1 + -4 - -10) + 5 + -2 - (-54 - -120).
-58
What is 44 + -2 + 4 + 7 + -12 + -6 + 19?
54
Evaluate -23 + 27 + (-161 - -50).
-107
What is (-12 - 13 - -23) + (57 - -3)?
58
Calculate (-15 - (-11 - ((-21 - -6) + -6))) + 15.
-10
-2 + -12 + (17 - (10 + -10))
3
Evaluate 68 - (-61 - -70 - -12).
47
(-32 - (48 + -35)) + 76
31
Calculate 8 - -1 - ((52 - 40 - 8) + 4).
1
What is the value of 1 + -154 + 1 - ((1 - -5) + (-80 - -63))?
-141
What is 14 + (-7 - (-7 + (69 - (-2 + 9))))?
-48
-10 + 27 - (7 + 3) - 17
-10
Evaluate 9 + (8 - 19) + 4 - (-13 + 22).
-7
What is the value of (2 + -2 - (31 + -9)) + (-261 - -248)?
-35
Evaluate (-1 - 3) + 36 + -11 + -24 - (-5 + -15).
17
What is 3153 + -3163 + (11 - -24 - (-1 + 1))?
25
What is (76 - 63) + (33 - 51)?
-5
Evaluate (1 - 0) + (-8 - ((35 - -6) + (-42 - -55))).
-61
What is the value of 65 + (-48 - -20 - 25) + -108 + 1?
-95
What is -25 + (15 - 9) + -36 + 74?
19
Evaluate -14 + (1 + -1 - -1) + (-23 - -22).
-14
What is the value of 71 - (208 + -50) - -63?
-24
What is (130 - -5) + -98 + -34?
3
What is the value of -12 + -1 + 33 + -31 + -1 + 1 - -1?
-10
What is -8 - 39 - (-41 - -34)?
-40
(-159 + 160 - (1 - 4)) + -13 + -3
-12
Evaluate (0 - -9) + (12 + 10 - 37).
-6
Evaluate -3 + (1 + 7 - (186 - 231)).
50
What is the value of -60 - (-93 - -41) - -62?
54
What is 10 - (4 + (19 - 7) + 3)?
-9
What is the value of (130 - 2) + 173 + -128 + -66?
107
Calculate (252 - 253) + (-24 - -62).
37
Calculate 34 + 5 + -19 + -3 - 28.
-11
Calculate 15 - (1 - 31) - (34 - 20).
31
Calculate -1 + (-5 - -3) + (4 - 7) + 51.
45
Calculate 33 + 1 - ((219 - 408) + 246).
-23
Calculate 4 + 1 + -230 + (56 - -235).
66
What is 0 + (82 - -7) - (-871 + 870)?
90
Evaluate -132 + (135 - 59) + (-1 - -24).
-33
What is -27 + (5 - 2 - (-2 + -6 + -2))?
-14
What is 4 + 1 + 1 + (-66 - 7) - (101 - 96)?
-72
What is (-1 - -4 - (13 - 11)) + (-15 - -8) + -28?
-34
Evaluate (10 - 16) + 22 + -40 + 50 - 14.
12
Calculate 16 + -67 + -3 + (52 - 43) + (-23 - -1).
-67
Evaluate 2 + -4 + (193 - 190) - (12 - 4) - -62.
55
Evaluate 12 - (-47 + (25 + 23 - 22)).
33
64 + (-1 - (20 - 18 - 20 - 2))
83
-15 - (-73 - (-25 + (-26 - -